{"id":109,"date":"2019-09-23T11:50:17","date_gmt":"2019-09-23T11:50:17","guid":{"rendered":"http:\/\/12enpi.ipportalegre.pt\/?page_id=109"},"modified":"2023-09-04T10:30:36","modified_gmt":"2023-09-04T10:30:36","slug":"accommodation","status":"publish","type":"page","link":"https:\/\/12enpi.ipportalegre.pt\/?page_id=109","title":{"rendered":"Alojamentos"},"content":{"rendered":"\n<div style=\"height:30px\" aria-hidden=\"true\" class=\"wp-block-spacer\"><\/div>\n\n\n\n<p>A organiza\u00e7\u00e3o n\u00e3o assume qualquer compromisso com a reserva de alojamentos. No entanto, disponibiliza nesta p\u00e1gina, o contacto de alguns estabelecimentos localizados dentro ou nas proximidades do centro hist\u00f3rico de Elvas, onde ir\u00e1 decorrer o 12\u00ba ENPI:<\/p>\n\n\n\n<p><strong>1 \u2013 Hotel Vila Gal\u00e9 Collection Elvas<\/strong><br>Endere\u00e7o:\u00a0Av. 14 de Janeiro 13, 7350-092 Elvas<br>Telefone:\u00a0268 244\u00a0000<br><a href=\"mailto:elvas@vilagale.com\">elvas@vilagale.com<\/a><\/p>\n\n\n\n<p><strong>2 \u2013 Hotel D. Lu\u00eds<\/strong><br>Endere\u00e7o:\u00a0Av. de Badajoz, 7350-903 Elvas<br>Telefone:\u00a0268 636 710<br><a href=\"mailto:geral@hoteldluis-elvas.com\">geral@hoteldluis-elvas.com<\/a><\/p>\n\n\n\n<p><strong>3 \u2013 Hotel Santa Luzia<\/strong><br>Endere\u00e7o:\u00a0Av. de Badajoz 5, 7350-097 Elvas<br>Telefone:\u00a0268 637\u00a0470<br><a href=\"mailto:reservas@slhotel-elvas.pt\">reservas@slhotel-elvas.pt<\/a><\/p>\n\n\n\n<p><strong>4 \u2013 Cool Guest House Elvas<\/strong><br>Endere\u00e7o:\u00a0R. de Jo\u00e3o de Oliven\u00e7a 10, 7350-234 Elvas<br>Telefone:\u00a0<strong>\u00a0<\/strong>268 626\u00a0309<br><a href=\"mailto:mimosoreis.invest.imobiliarios@gmail.com\">mimosoreis.invest.imobiliarios@gmail.com<\/a><\/p>\n\n\n\n<p><strong>5 \u2013 Concept Guest House\u00a0<\/strong><br>Endere\u00e7o:\u00a0R. do Sineiro 2, 7350-170 Elvas<br>Telefone:\u00a0931 678\u00a0188<\/p>\n\n\n\n<p><strong>6 \u2013 Casa da Av\u00f3<\/strong><br>Endere\u00e7o:\u00a0R. das Beatas 7, 7350-058 Elvas<br>Telefone:\u00a0913 516\u00a0141<br><a href=\"mailto:reservas@alojamentolocalelvas.pt\">reservas@alojamentolocalelvas.pt<\/a><\/p>\n\n\n\n<p><strong>7 \u2013 Casa da Beata\u00a0<\/strong><br>Endere\u00e7o:\u00a0R. das Beatas n\u00ba 7 A, 7350-070 Elvas<br>Telefone:\u00a0913 516\u00a0141<br><a href=\"mailto:reservas@alojamentolocalelvas.pt\">reservas@alojamentolocalelvas.pt<\/a><\/p>\n\n\n\n<p><strong>8 \u2013 Casa do Castelo<\/strong><br>Endere\u00e7o:\u00a0R. das Beatas n\u00ba 5A, 7350-070 Elvas<br>Telefone:\u00a0913 516\u00a0141<br><a href=\"mailto:reservas@alojamentolocalelvas.pt\">reservas@alojamentolocalelvas.pt<\/a><\/p>\n\n\n\n<p><strong>9 \u2013 Terra\u00e7os de Elvas<\/strong><br>Endere\u00e7o:\u00a0Pra\u00e7a 25 de Abril 20A, 7350-002 Elvas<br>Telefone:\u00a0913 516\u00a0141<a href=\"mailto:reservas@alojamentolocalelvas.pt\">reservas@alojamentolocalelvas.pt<\/a><\/p>\n\n\n\n<div style=\"height:30px\" aria-hidden=\"true\" class=\"wp-block-spacer\"><\/div>\n","protected":false},"excerpt":{"rendered":"<p>A organiza\u00e7\u00e3o n\u00e3o assume qualquer compromisso com a reserva de alojamentos. No entanto, disponibiliza nesta<\/p>\n","protected":false},"author":1,"featured_media":0,"parent":105,"menu_order":2,"comment_status":"closed","ping_status":"closed","template":"","meta":{"footnotes":""},"class_list":["post-109","page","type-page","status-publish","hentry"],"_links":{"self":[{"href":"https:\/\/12enpi.ipportalegre.pt\/index.php?rest_route=\/wp\/v2\/pages\/109","targetHints":{"allow":["GET"]}}],"collection":[{"href":"https:\/\/12enpi.ipportalegre.pt\/index.php?rest_route=\/wp\/v2\/pages"}],"about":[{"href":"https:\/\/12enpi.ipportalegre.pt\/index.php?rest_route=\/wp\/v2\/types\/page"}],"author":[{"embeddable":true,"href":"https:\/\/12enpi.ipportalegre.pt\/index.php?rest_route=\/wp\/v2\/users\/1"}],"replies":[{"embeddable":true,"href":"https:\/\/12enpi.ipportalegre.pt\/index.php?rest_route=%2Fwp%2Fv2%2Fcomments&post=109"}],"version-history":[{"count":6,"href":"https:\/\/12enpi.ipportalegre.pt\/index.php?rest_route=\/wp\/v2\/pages\/109\/revisions"}],"predecessor-version":[{"id":704,"href":"https:\/\/12enpi.ipportalegre.pt\/index.php?rest_route=\/wp\/v2\/pages\/109\/revisions\/704"}],"up":[{"embeddable":true,"href":"https:\/\/12enpi.ipportalegre.pt\/index.php?rest_route=\/wp\/v2\/pages\/105"}],"wp:attachment":[{"href":"https:\/\/12enpi.ipportalegre.pt\/index.php?rest_route=%2Fwp%2Fv2%2Fmedia&parent=109"}],"curies":[{"name":"wp","href":"https:\/\/api.w.org\/{rel}","templated":true}]}}