{"id":84,"date":"2019-09-23T11:41:36","date_gmt":"2019-09-23T11:41:36","guid":{"rendered":"http:\/\/12enpi.ipportalegre.pt\/?page_id=84"},"modified":"2023-05-17T09:36:40","modified_gmt":"2023-05-17T09:36:40","slug":"scientific-council","status":"publish","type":"page","link":"https:\/\/12enpi.ipportalegre.pt\/?page_id=84","title":{"rendered":"Comiss\u00e3o Cient\u00edfica"},"content":{"rendered":"\n<div style=\"height:30px\" aria-hidden=\"true\" class=\"wp-block-spacer\"><\/div>\n\n\n\n<figure class=\"wp-block-table is-style-stripes\"><table><tbody><tr><td>Albino Bento<\/td><td>Instituto Polit\u00e9cnico de Bragan\u00e7a | ESABragan\u00e7a<\/td><\/tr><tr><td>Am\u00edlcar Duarte<\/td><td>Universidade do Algarve<\/td><\/tr><tr><td>Ana Aguiar<\/td><td>Universidade do Porto<\/td><\/tr><tr><td>Ant\u00f3nio Mexia<\/td><td>Universidade de Lisboa | ISA<\/td><\/tr><tr><td>Carlos Santana<\/td><td>Instituto Polit\u00e9cnico de Portalegre | ESAElvas<\/td><\/tr><tr><td>Cristina Amaro da Costa<\/td><td>Instituto Polit\u00e9cnico de Viseu | ESAViseu<\/td><\/tr><tr><td>Cristina Carlos<\/td><td>Universidade de Tr\u00e1s-os-Montes e Alto Douro<\/td><\/tr><tr><td>David Horta Lopes<\/td><td>Universidade dos A\u00e7ores<\/td><\/tr><tr><td>Elsa Val\u00e9rio<\/td><td>Instituto Polit\u00e9cnico de Santar\u00e9m | ESASantar\u00e9m<\/td><\/tr><tr><td>Eug\u00e9nia Gouveia<\/td><td>Instituto Polit\u00e9cnico de Bragan\u00e7a | ESABragan\u00e7a<\/td><\/tr><tr><td>Isabel Miranda Calha<\/td><td>Instituto Nacional de Investiga\u00e7\u00e3o Agr\u00e1ria e Veterin\u00e1ria<\/td><\/tr><tr><td>Jo\u00e3o Barroso&nbsp;<\/td><td>Comiss\u00e3o Vitivin\u00edcola Regional Alentejana &#8211; CVRA<\/td><\/tr><tr><td>Jo\u00e3o Portugal&nbsp;<\/td><td>Instituto Polit\u00e9cnico de Beja | ESABeja<\/td><\/tr><tr><td>Jo\u00e3o Pedro Luz<\/td><td>Instituto Polit\u00e9cnico de Castelo Branco | ESACastelo Branco<\/td><\/tr><tr><td>Jos\u00e9 Alberto Pereira<\/td><td>Instituto Polit\u00e9cnico de Bragan\u00e7a | ESABragan\u00e7a<\/td><\/tr><tr><td>Jos\u00e9 Carlos Franco<\/td><td>Universidade de Lisboa | ISA<\/td><\/tr><tr><td>Lu\u00edsa Moura<\/td><td>Instituto Polit\u00e9cnico de Viana do Castelo | ESAPonte de Lima<\/td><\/tr><tr><td>Manuel Pedro Fevereiro<\/td><td>CoLab InnovPlantProtect<\/td><\/tr><tr><td>F\u00e1tima Gon\u00e7alves<\/td><td>Universidade de Tr\u00e1s-os-Montes e Alto Douro<\/td><\/tr><tr><td>Maria Jos\u00e9 Cunha<\/td><td>Instituto Polit\u00e9cnico de Coimbra | ESACoimbra<\/td><\/tr><tr><td>Maria do Ros\u00e1rio F\u00e9lix<\/td><td>Universidade de \u00c9vora<\/td><\/tr><tr><td>Miguel Florindo dos Santos Cach\u00e3o<\/td><td>Associa\u00e7\u00e3o de Viticultores do Concelho de Palmela&nbsp;&#8211; AVIPE&nbsp;<\/td><\/tr><tr><td>Nuno Oliveira<\/td><td>NBI &#8211;&nbsp;Natural Business Intelligence<\/td><\/tr><tr><td>Ra\u00fal Rodrigues<\/td><td>Instituto Polit\u00e9cnico de Viana do Castelo | ESAPonte de Lima<\/td><\/tr><\/tbody><\/table><\/figure>\n","protected":false},"excerpt":{"rendered":"<p>Albino Bento Instituto Polit\u00e9cnico de Bragan\u00e7a | ESABragan\u00e7a Am\u00edlcar Duarte Universidade do Algarve Ana Aguiar<\/p>\n","protected":false},"author":1,"featured_media":0,"parent":50,"menu_order":3,"comment_status":"closed","ping_status":"closed","template":"","meta":{"footnotes":""},"class_list":["post-84","page","type-page","status-publish","hentry"],"_links":{"self":[{"href":"https:\/\/12enpi.ipportalegre.pt\/index.php?rest_route=\/wp\/v2\/pages\/84","targetHints":{"allow":["GET"]}}],"collection":[{"href":"https:\/\/12enpi.ipportalegre.pt\/index.php?rest_route=\/wp\/v2\/pages"}],"about":[{"href":"https:\/\/12enpi.ipportalegre.pt\/index.php?rest_route=\/wp\/v2\/types\/page"}],"author":[{"embeddable":true,"href":"https:\/\/12enpi.ipportalegre.pt\/index.php?rest_route=\/wp\/v2\/users\/1"}],"replies":[{"embeddable":true,"href":"https:\/\/12enpi.ipportalegre.pt\/index.php?rest_route=%2Fwp%2Fv2%2Fcomments&post=84"}],"version-history":[{"count":23,"href":"https:\/\/12enpi.ipportalegre.pt\/index.php?rest_route=\/wp\/v2\/pages\/84\/revisions"}],"predecessor-version":[{"id":680,"href":"https:\/\/12enpi.ipportalegre.pt\/index.php?rest_route=\/wp\/v2\/pages\/84\/revisions\/680"}],"up":[{"embeddable":true,"href":"https:\/\/12enpi.ipportalegre.pt\/index.php?rest_route=\/wp\/v2\/pages\/50"}],"wp:attachment":[{"href":"https:\/\/12enpi.ipportalegre.pt\/index.php?rest_route=%2Fwp%2Fv2%2Fmedia&parent=84"}],"curies":[{"name":"wp","href":"https:\/\/api.w.org\/{rel}","templated":true}]}}