{"id":87,"date":"2019-09-23T11:42:30","date_gmt":"2019-09-23T11:42:30","guid":{"rendered":"http:\/\/12enpi.ipportalegre.pt\/?page_id=87"},"modified":"2023-06-01T13:33:36","modified_gmt":"2023-06-01T13:33:36","slug":"committee","status":"publish","type":"page","link":"https:\/\/12enpi.ipportalegre.pt\/?page_id=87","title":{"rendered":"Comiss\u00e3o Organizadora"},"content":{"rendered":"\n<div style=\"height:30px\" aria-hidden=\"true\" class=\"wp-block-spacer\"><\/div>\n\n\n\n<figure class=\"wp-block-table is-style-stripes\"><table><tbody><tr><td>Ana Cordeiro<\/td><td>Instituto Polit\u00e9cnico de Portalegre | ESAElvas<\/td><\/tr><tr><td>Ant\u00f3nio Mexia<\/td><td>Universidade de Lisboa | ISA<\/td><\/tr><tr><td>Benvindo Ma\u00e7\u00e3s<\/td><td>Instituto Nacional de Investiga\u00e7\u00e3o Agr\u00e1ria e Veterin\u00e1ria<\/td><\/tr><tr><td>Carlos Santana<\/td><td>Instituto Polit\u00e9cnico de Portalegre | ESAElvas<\/td><\/tr><tr><td>C\u00e9lia Mateus<\/td><td>Instituto Nacional de Investiga\u00e7\u00e3o Agr\u00e1ria e Veterin\u00e1ria<\/td><\/tr><tr><td>Cristina Amaro da Costa<\/td><td>Instituto Polit\u00e9cnico de Viseu | ESAViseu<\/td><\/tr><tr><td>Dora Gon\u00e7alves<\/td><td>Instituto Polit\u00e9cnico de Portalegre | ESAElvas<\/td><\/tr><tr><td>Elisabete Figueiredo<\/td><td>Universidade de Lisboa | ISA<\/td><\/tr><tr><td>Francisco Mondrag\u00e3o Rodrigues<\/td><td>Instituto Polit\u00e9cnico de Portalegre | ESAElvas<\/td><\/tr><tr><td>Gra\u00e7a Pacheco de Carvalho<\/td><td>Instituto Polit\u00e9cnico de Portalegre | ESAElvas<\/td><\/tr><tr><td>Jos\u00e9 Gama<\/td><td>Instituto Polit\u00e9cnico de Portalegre | ESAElvas<\/td><\/tr><tr><td>Jos\u00e9 Manuel Rato Nunes<\/td><td>Instituto Polit\u00e9cnico de Portalegre | ESAElvas<\/td><\/tr><tr><td>Lu\u00eds Alcino da Concei\u00e7\u00e3o<\/td><td>Instituto Polit\u00e9cnico de Portalegre | ESAElvas<\/td><\/tr><tr><td>Maria Margarida Pereira<\/td><td>Instituto Polit\u00e9cnico de Beja | ESABeja<\/td><\/tr><tr><td>Maria do Amparo Godinho&nbsp;<\/td><td>Instituto Polit\u00e9cnico de Portalegre | ESAElvas\/AVIPE<\/td><\/tr><tr><td>Maria do C\u00e9u Godinho<\/td><td>Instituto Polit\u00e9cnico de Santar\u00e9m | ESASantar\u00e9m<\/td><\/tr><tr><td>Miguel \u00c2ngelo Carvalho<\/td><td>Universidade da Madeira |&nbsp;ESTG<\/td><\/tr><tr><td>No\u00e9mia Farinha<\/td><td>Instituto Polit\u00e9cnico de Portalegre | ESAElvas<\/td><\/tr><tr><td>Orlanda P\u00f3voa<\/td><td>Instituto Polit\u00e9cnico de Portalegre | ESAElvas<\/td><\/tr><tr><td>Rute Santos<\/td><td>Instituto Polit\u00e9cnico de Portalegre | ESAElvas<\/td><\/tr><tr><td>Susana Saraiva Dias<\/td><td>Instituto Polit\u00e9cnico de Portalegre | ESAElvas<\/td><\/tr><tr><td>Teresa Barradas Magalh\u00e3es Carvalho<\/td><td>Instituto Nacional de Investiga\u00e7\u00e3o Agr\u00e1ria e Veterin\u00e1ria<\/td><\/tr><tr><td>Turma de Mestrado Agricultura Sustent\u00e1vel ESAElvas<\/td><td>Instituto Polit\u00e9cnico de Portalegre | ESAElvas<\/td><\/tr><\/tbody><\/table><\/figure>\n","protected":false},"excerpt":{"rendered":"<p>Ana Cordeiro Instituto Polit\u00e9cnico de Portalegre | ESAElvas Ant\u00f3nio Mexia Universidade de Lisboa | ISA<\/p>\n","protected":false},"author":1,"featured_media":0,"parent":50,"menu_order":2,"comment_status":"closed","ping_status":"closed","template":"","meta":{"footnotes":""},"class_list":["post-87","page","type-page","status-publish","hentry"],"_links":{"self":[{"href":"https:\/\/12enpi.ipportalegre.pt\/index.php?rest_route=\/wp\/v2\/pages\/87","targetHints":{"allow":["GET"]}}],"collection":[{"href":"https:\/\/12enpi.ipportalegre.pt\/index.php?rest_route=\/wp\/v2\/pages"}],"about":[{"href":"https:\/\/12enpi.ipportalegre.pt\/index.php?rest_route=\/wp\/v2\/types\/page"}],"author":[{"embeddable":true,"href":"https:\/\/12enpi.ipportalegre.pt\/index.php?rest_route=\/wp\/v2\/users\/1"}],"replies":[{"embeddable":true,"href":"https:\/\/12enpi.ipportalegre.pt\/index.php?rest_route=%2Fwp%2Fv2%2Fcomments&post=87"}],"version-history":[{"count":17,"href":"https:\/\/12enpi.ipportalegre.pt\/index.php?rest_route=\/wp\/v2\/pages\/87\/revisions"}],"predecessor-version":[{"id":684,"href":"https:\/\/12enpi.ipportalegre.pt\/index.php?rest_route=\/wp\/v2\/pages\/87\/revisions\/684"}],"up":[{"embeddable":true,"href":"https:\/\/12enpi.ipportalegre.pt\/index.php?rest_route=\/wp\/v2\/pages\/50"}],"wp:attachment":[{"href":"https:\/\/12enpi.ipportalegre.pt\/index.php?rest_route=%2Fwp%2Fv2%2Fmedia&parent=87"}],"curies":[{"name":"wp","href":"https:\/\/api.w.org\/{rel}","templated":true}]}}